c) = -17*c**2 + 20*c - 5. Let q = -42 - -40. Let g(n) = q*s(n) - 9*a(n). What is g(4)?
-11
Let u(j) = -j**3 + 9*j**2 - 5*j - 11. Suppose -8 = -v + 12*y - 15*y, -40 = -5*v - 3*y. Give u(v).
13
Let s = -30 + 34. Let j(d) = -4*d - 3 - s + d + 0*d. Let v = -15 + 10. Determine j(v).
8
Let v(l) = -l**2 + 7*l - 8. Let z be (-198)/(-18) + -1 + -4. Give v(z).
-2
Let t be 2 - (-16)/(-14) - 1/(-7). Let g(c) = -2 + 2 - 1 + c - t. Let r(d) = -d**2 - d. Let l be r(-2). Determine g(l).
-4
Suppose 1 + 1 = 2*q - 5*l, l - 10 = 3*q. Let c(a) = -148*a + 84*a - 4 + 61*a. Give c(q).
8
Let i = 75 + -122. Let s = i - -40. Let y(n) = n + 7. Determine y(s).
0
Let d(y) = y**3 + 4*y**2 + 2*y. Let s = 12 - 12. Let v = 4 + s. Suppose 0*h + 4 = h, 0 = -v*o + 5*h - 32. Give d(o).
3
Let v(w) be the first derivative of 1/2*w**2 + 3 - 6*w. Give v(5).
-1
Let t(s) = s - 9. Suppose 0 = h + 3 + 42. Let p be 36/h*(-5)/2. Suppose p*y - 2*i = y + 9, -2*i = -4*y + 30. Calculate t(y).
-2
Let g(t) = -11 + 98*t**2 + 16*t - 99*t**2 - 6. Give g(14).
11
Let j(r) = 2*r + 24. Let z be 56/12*18/21. Let k(q) = q + 12. Let x(h) = z*j(h) - 9*k(h). Suppose -2*o - 36 = 4*o. Calculate x(o).
-6
Let z(t) = -22*t - 1. Let b(x) = 13*x + 1. Let u(c) = 5*b(c) + 3*z(c). Determine u(5).
-3
Let r(g) = 5*g + 39. Let s(x) = 3*x + 20. Let d(w) = -6*r(w) + 11*s(w). Give d(10).
16
Let d(x) be the third derivative of 11*x**5/60 + 4*x**2 + 22*x. What is d(1)?
11
Let w(u) be the third derivative of -u**6/120 - u**5/12 - u**3/6 - 115*u**2. Calculate w(-4).
-17
Let x(u) = -11*u + 7. Let g(s) = -5*s + 3. Let q(p) = -5*g(p) + 2*x(p). Let i = 883 + -885. Determine q(i).
-7
Let l be -2 + (-160)/(-45) - (-4)/9. Let q(t) = -t**3 + 2*t**2 - t + 1. Calculate q(l).
-1
Let k(w) = 6*w + 12*w**3 - 5 - 13*w**3 - 7*w + 3 + w**2. Determine k(0).
-2
Let k = -946 - -950. Let w(i) = 3*i**2 - 8*i - 6. Give w(k).
10
Let l(u) = -7*u - 14. Let q(i) = 6*i + 13. Let o(d) = -5*l(d) - 6*q(d). Let j(x) = 2*x + 8. Let h be j(-7). Let k = 0 + h. Calculate o(k).
-2
Suppose g = -4*g + 15. Let s(w) be the second derivative of -w**5/20 + w**4/4 + w**3/2 - 3*w**2/2 + 347*w. Determine s(g).
6
Let o(l) = -8*l**2 - 11*l**2 + 0 - 2 - 2*l**2 + 19*l**2 + 4*l. Calculate o(3).
-8
Let k(r) = r**2 + 7*r - r**2 + 5 + r**2 - 1. Let w be k(-5). Let c be (-4)/6*w/(-4). Let o(n) = -4*n**2 + 1. Calculate o(c).
-3
Suppose 5*t + 116 = t. Let f = -24 - t. Let i(d) = 6*d + d + 6 - f*d. Give i(-6).
-6
Suppose -z - 2*j + 1 = 2*z, -j + 5 = 3*z. Suppose h = 3*f - 5, z*f + 2*h = -f + 10. Let l(n) = -2*n**3 + 3*n**2 - 3*n + 1. Determine l(f).
-9
Let o(g) be the second derivative of -1/6*g**4 + 0 + 0*g**3 - 1/2*g**2 + 1/20*g**5 - 8*g. Let n = -23 - -25. What is o(n)?
-1
Let q = -195 - -187. Let b(d) = d**2 + 8*d - 11. Determine b(q).
-11
Let x = -1 - 3. Let f(v) be the second derivative of v**3/6 + 153*v. Give f(x).
-4
Let p be ((-22)/(-10) + 0)/(6/(-30)). Let g(m) = -m**2 - 9*m + 15. Give g(p).
-7
Let o(a) = a**2 + 3*a - 1. Let h(l) = l**2 + 8*l + 3. Let m be h(-7). Let y be o(m). Let z(i) = -4*i**2 - 5*i - 3 + 5*i - 2*i - i**y. Determine z(-4).
5
Let g(u) be the second derivative of -9*u + 0*u**2 + 1/2*u**3 + 0. Determine g(-1).
-3
Let h(x) = -x**3 + 12*x**2 - 11*x + 4. Let r be h(11). Let j(a) = -3*a - 1 - 2 + 0*a**2 + 3*a**2 + 7*a - a**3. Determine j(r).
-3
Let a(n) = -22*n**2 + 5*n + 25. Let r(i) = -9*i**2 + 3*i + 13. Let f(m) = -2*a(m) + 5*r(m). Calculate f(7).
1
Suppose s + 5 = 3*n + 13, -2*s + 4*n = -14. Let t(r) = 0 - s*r**2 - 83*r + 85*r - 3 + r**3. Let h be 2*(-5)/(-4)*2. What is t(h)?
7
Suppose -6*x = -11*x + 130. Let s = 32 - x. Suppose 0 = -b + 3*b - s. Let v(i) = 3*i + 2. What is v(b)?
11
Let b(m) be the first derivative of -m**5/20 + m**4/12 + m**2/2 + 32*m + 18. Let h(l) be the first derivative of b(l). What is h(2)?
-3
Suppose v - 12 = 4*z, -z - 11 = 5*v - 8. Let j(b) be the first derivative of b**3/3 + b**2 - 2*b + 14. Determine j(z).
1
Let m(b) = -8 - b**2 - 4 + 11*b + 7 - 13. Determine m(7).
10
Let a(x) = -x**3 + 14*x**2 - 15*x + 13. Suppose 0 = -i - 78*j + 76*j + 9, -4*j - 8 = 0. What is a(i)?
-13
Let m(j) be the first derivative of -j**4/4 + 8*j**3/3 + 5*j**2 - 9*j - 10. Calculate m(9).
0
Let n(c) = -2*c - 9. Suppose -78 = -4*p + 18. Let q = p + -30. What is n(q)?
3
Let z(q) = -2*q**2 - 22*q + 13. Let t be z(-11). Let g(i) = i**2 - 12*i - 12. Give g(t).
1
Let k(v) = v**2 - 180*v - 10 + 176*v + 15. Let x(m) = 2*m**2 + m + 3. Let i be x(-3). Let o = i - 13. What is k(o)?
10
Let o(n) = -n**2 + 19*n - 17. Let d be o(18). Let m(r) = r - 2. Calculate m(d).
-1
Let d(h) = 3*h - 4. Let j be d(2). Suppose 13 = 4*i - j*k - 5, 5*i - 5*k = 20. Let m(q) = 3 + 0 + 1 - q. Give m(i).
-1
Let w(u) = 2*u + 15. Suppose -2*d - 4*d + 30 = 0. Let o be d/15 - (-31)/(-3). Calculate w(o).
-5
Suppose 4*g + 2 = 5*g. Let x(s) = 3*s. Let a be -4 - (-6)/9*3. Let p(h) = -4*h. Let q(v) = a*p(v) - 3*x(v). Give q(g).
-2
Let o(j) = -j**2 + 2*j + 1. Let h(a) = a - 26. Let l be h(30). Suppose 12*w + 32 = l*w. Give o(w).
-23
Let i = -134 - -134. Suppose -5*h + 4*p = 1, -p + 4*p - 9 = h. Let s(v) = 4*v + 8*v**2 - 9*v**2 - 3*v - h + 0*v. Determine s(i).
-3
Suppose -52 = -22*m - 4*m. Let u(x) = -3*x**3 + 2*x**2 + x - 2. What is u(m)?
-16
Let u(g) = -g - 9. Let s(m) = m + 10. Suppose 3*p = -2*r + 13, -5*r - 5 = -p + 5. Let y(i) = p*s(i) + 6*u(i). Give y(3).
-7
Let i = 5 - 1. Suppose 12 = -11*w - 32. Let c(q) = -q - 3. Let r(g) = -4*g - 10. Let y(d) = w*r(d) + 14*c(d). Determine y(i).
6
Let d(i) = 3*i**3 + 5*i**2 + i - 10. Let m(c) = -c**3 + c**2 - c. Let o(s) = d(s) + 2*m(s). Suppose -5*a - 49 = 2*a. Calculate o(a).
-3
Suppose 5*t - 4 = -4*y + t, -3 = -4*y - 3*t. Let i(a) be the second derivative of a**3/6 - 2*a**2 - 191*a. Give i(y).
-4
Let l(r) = r**3 + r**2 - r + 1. Let c(v) = -7*v**3 - 6*v**2 + 9*v - 5. Let i(w) = c(w) + 6*l(w). Give i(-2).
3
Let z(f) be the first derivative of -11*f**2/2 - 2*f - 110. What is z(-1)?
9
Let y(u) = -8*u - 19 + 8 + 4*u + 5*u. What is y(6)?
-5
Let i(a) = 16*a**2 - 44*a + 50. Let n(h) = 3*h**2 - 9*h + 10. Let u(m) = 2*i(m) - 11*n(m). Determine u(10).
0
Let a(x) = -4*x - 3. Suppose -12 + 0 = -3*f. Suppose -5*c - f*o + 4 = -26, 4*c - 28 = -4*o. Suppose -2*i - c = 2. Calculate a(i).
5
Let w(x) = x**2 + 4*x + 5. Let l = -41 + 34. What is w(l)?
26
Let t(r) = 5*r + 3*r**2 - 1 - 7*r**2 - r**3 - r**2. Suppose 0 = 3*p + 51 + 39. Let f be (36/p)/(2/10). Calculate t(f).
5
Let q(d) = d**2 - 5*d - 4. Let a be q(6). Suppose -3*x - a*x = 20. Let w(b) be the first derivative of b**2/2 - b + 3. Determine w(x).
-5
Let v(h) = -8*h - 12*h - 7 + 16 - 9. What is v(3)?
-60
Let n(z) = 3*z**3 - 9*z**2 - 13*z - 42. Let w(f) = f**3 - 5*f**2 - 7*f - 20. Let m(l) = -2*n(l) + 5*w(l). Determine m(-6).
2
Suppose 3*f - 4*l - 32 = 0, 2 = 3*f + 4*l - 2*l. Suppose -4*s = -s + f*t - 8, -2*s + t = -9. Let r(c) = -6 + s*c - 3*c - 4*c + c**2. What is r(5)?
4
Let y(z) = -z**3 - 2*z + 6. Let t be y(0). Suppose 0 = 2*n - t, -8*v + 2*n = -4*v - 30. Let g(i) = i - 2. What is g(v)?
7
Suppose 0 = l + 5*f - 2 - 3, -f = 0. Let t(q) = -2 - 10*q**2 + l*q**2 + 7*q + 4*q**2. Calculate t(5).
8
Let h(y) = -y - 1. Let i be (-4)/14*(28 - 35). Give h(i).
-3
Let h(j) = -5*j**2 + 29*j. Let v be h(7). Let q = v - -33. Let z(b) = -b - 7. Give z(q).
2
Let p be ((-2)/2 - -10) + (2 - 5). Let x(q) = -q**2 + 7*q - 9. Determine x(p).
-3
Let g(j) = 25*j**3 - 53*j**3 - 44*j**3. Calculate g(-1).
72
Let t(a) = -a**2 + 2*a. Let q(d) = d**2 - d. Suppose 9 = l + 2*j - 5*j, -j = 4*l + 16. Suppose -19 = 4*z + 1. Let o(u) = l*t(u) + z*q(u). What is o(-1)?
-1
Let g(v) = -5 - v + 2*v + 2. Let s be (-14 - -7) + (-4)/(-2). Calculate g(s).
-8
Let n(p) = -2*p**2 - p - 120 - 115 + 238 + p**3. Let g be n(2). Let i(c) = 27*c**2 - 2*c + 1. Calculate i(g).
26
Let f(p) = -p + 0*p - 2*p + 3. Suppose -i = 3*u + 22, -i + 5*u + 0*u + 18 = 0. Let t(g) = 4*g + 30. Let m be t(i). What is f(m)?
-3
Let a(y) be the second derivative of y**5/20 + 7*y**4/6 + y**3/6 - 4*y**2 + 588*y. What is a(-14)?
-22
Let c(q) be the second derivative of -q**7/840 + q**6/72 - q**5/40 - q**4/8 - q**3/2 + 2*q. Let g(o) be the second derivative of c(o). What is g(4)?
1
Let p(d) be the third derivative of -d**6/120 + 13*d**5/60 - d**4/2 - d**3 - 123*d**2. Calculate p(12).
-6
Let r(s